{"id":1065,"date":"2019-09-07T20:21:31","date_gmt":"2019-09-07T18:21:31","guid":{"rendered":"http:\/\/www.acienpol.org.ve\/staging\/?page_id=1065"},"modified":"2019-10-09T20:19:20","modified_gmt":"2019-10-10T00:19:20","slug":"individuos-de-numero","status":"publish","type":"page","link":"https:\/\/www.acienpol.org.ve\/staging\/individuos-de-numero\/","title":{"rendered":"Individuos de N\u00famero"},"content":{"rendered":"<p>[et_pb_section fb_built=\u00bb1&#8243; _builder_version=\u00bb3.29.2&#8243;][\/et_pb_section]<\/p>\n","protected":false},"excerpt":{"rendered":"","protected":false},"author":4,"featured_media":0,"parent":0,"menu_order":0,"comment_status":"closed","ping_status":"closed","template":"page-denumero.php","meta":{"_acf_changed":false,"_et_pb_use_builder":"on","_et_pb_old_content":"","_et_gb_content_width":"","footnotes":""},"class_list":["post-1065","page","type-page","status-publish","hentry"],"acf":[],"aioseo_notices":[],"aioseo_head":"\n\t\t<!-- All in One SEO 5.0.1.1 - aioseo.com -->\n\t<meta name=\"description\" content=\"Individuos de N\u00famero de la Academia de Ciencias Pol\u00edticas y Sociales\" \/>\n\t<meta name=\"robots\" content=\"noindex, nofollow, max-image-preview:large\" \/>\n\t<meta name=\"google-site-verification\" content=\"google1011676bfba69965\" \/>\n\t<meta name=\"msvalidate.01\" content=\"1ACB7EE53EE96A5F6D91C1E074121657\" \/>\n\t<link rel=\"canonical\" href=\"https:\/\/www.acienpol.org.ve\/staging\/individuos-de-numero\/\" \/>\n\t<meta name=\"generator\" content=\"All in One SEO (AIOSEO) 5.0.1.1\" \/>\n\t\t<script type=\"application\/ld+json\" class=\"aioseo-schema\">\n\t\t\t{\"@context\":\"https:\\\/\\\/schema.org\",\"@graph\":[{\"@type\":\"BreadcrumbList\",\"@id\":\"https:\\\/\\\/www.acienpol.org.ve\\\/staging\\\/individuos-de-numero\\\/#breadcrumblist\",\"itemListElement\":[{\"@type\":\"ListItem\",\"@id\":\"https:\\\/\\\/www.acienpol.org.ve\\\/staging#listItem\",\"position\":1,\"name\":\"Home\",\"item\":\"https:\\\/\\\/www.acienpol.org.ve\\\/staging\",\"nextItem\":{\"@type\":\"ListItem\",\"@id\":\"https:\\\/\\\/www.acienpol.org.ve\\\/staging\\\/individuos-de-numero\\\/#listItem\",\"name\":\"Individuos de N\\u00famero\"}},{\"@type\":\"ListItem\",\"@id\":\"https:\\\/\\\/www.acienpol.org.ve\\\/staging\\\/individuos-de-numero\\\/#listItem\",\"position\":2,\"name\":\"Individuos de N\\u00famero\",\"previousItem\":{\"@type\":\"ListItem\",\"@id\":\"https:\\\/\\\/www.acienpol.org.ve\\\/staging#listItem\",\"name\":\"Home\"}}]},{\"@type\":\"Organization\",\"@id\":\"https:\\\/\\\/www.acienpol.org.ve\\\/staging\\\/#organization\",\"name\":\"Academia de Ciencias Pol\\u00edticas y Sociales\",\"url\":\"https:\\\/\\\/www.acienpol.org.ve\\\/staging\\\/\",\"logo\":{\"@type\":\"ImageObject\",\"url\":\"https:\\\/\\\/www.acienpol.org.ve\\\/staging\\\/wp-content\\\/uploads\\\/2019\\\/09\\\/acienpol-default-image.png\",\"@id\":\"https:\\\/\\\/www.acienpol.org.ve\\\/staging\\\/individuos-de-numero\\\/#organizationLogo\",\"width\":432,\"height\":432,\"caption\":\"Academia de Ciencias Pol\\u00edticas y Sociales\"},\"image\":{\"@id\":\"https:\\\/\\\/www.acienpol.org.ve\\\/staging\\\/individuos-de-numero\\\/#organizationLogo\"},\"sameAs\":[\"http:\\\/\\\/www.twitter.com\\\/acienpol\",\"https:\\\/\\\/www.instagram.com\\\/acienpol\\\/\"]},{\"@type\":\"WebPage\",\"@id\":\"https:\\\/\\\/www.acienpol.org.ve\\\/staging\\\/individuos-de-numero\\\/#webpage\",\"url\":\"https:\\\/\\\/www.acienpol.org.ve\\\/staging\\\/individuos-de-numero\\\/\",\"name\":\"Individuos de N\\u00famero | ACIENPOL\",\"description\":\"Individuos de N\\u00famero de la Academia de Ciencias Pol\\u00edticas y Sociales\",\"inLanguage\":\"es-ES\",\"isPartOf\":{\"@id\":\"https:\\\/\\\/www.acienpol.org.ve\\\/staging\\\/#website\"},\"breadcrumb\":{\"@id\":\"https:\\\/\\\/www.acienpol.org.ve\\\/staging\\\/individuos-de-numero\\\/#breadcrumblist\"},\"datePublished\":\"2019-09-07T20:21:31-04:00\",\"dateModified\":\"2019-10-09T20:19:20-04:00\"},{\"@type\":\"WebSite\",\"@id\":\"https:\\\/\\\/www.acienpol.org.ve\\\/staging\\\/#website\",\"url\":\"https:\\\/\\\/www.acienpol.org.ve\\\/staging\\\/\",\"name\":\"ACIENPOL\",\"inLanguage\":\"es-ES\",\"publisher\":{\"@id\":\"https:\\\/\\\/www.acienpol.org.ve\\\/staging\\\/#organization\"}}]}\n\t\t<\/script>\n\t\t<!-- All in One SEO -->\n\n","aioseo_head_json":{"title":"Individuos de N\u00famero | ACIENPOL","description":"Individuos de N\u00famero de la Academia de Ciencias Pol\u00edticas y Sociales","canonical_url":"https:\/\/www.acienpol.org.ve\/staging\/individuos-de-numero\/","robots":"noindex, nofollow, max-image-preview:large","keywords":"","webmasterTools":{"google-site-verification":"google1011676bfba69965","msvalidate.01":"1ACB7EE53EE96A5F6D91C1E074121657","miscellaneous":""},"schema":{"@context":"https:\/\/schema.org","@graph":[{"@type":"BreadcrumbList","@id":"https:\/\/www.acienpol.org.ve\/staging\/individuos-de-numero\/#breadcrumblist","itemListElement":[{"@type":"ListItem","@id":"https:\/\/www.acienpol.org.ve\/staging#listItem","position":1,"name":"Home","item":"https:\/\/www.acienpol.org.ve\/staging","nextItem":{"@type":"ListItem","@id":"https:\/\/www.acienpol.org.ve\/staging\/individuos-de-numero\/#listItem","name":"Individuos de N\u00famero"}},{"@type":"ListItem","@id":"https:\/\/www.acienpol.org.ve\/staging\/individuos-de-numero\/#listItem","position":2,"name":"Individuos de N\u00famero","previousItem":{"@type":"ListItem","@id":"https:\/\/www.acienpol.org.ve\/staging#listItem","name":"Home"}}]},{"@type":"Organization","@id":"https:\/\/www.acienpol.org.ve\/staging\/#organization","name":"Academia de Ciencias Pol\u00edticas y Sociales","url":"https:\/\/www.acienpol.org.ve\/staging\/","logo":{"@type":"ImageObject","url":"https:\/\/www.acienpol.org.ve\/staging\/wp-content\/uploads\/2019\/09\/acienpol-default-image.png","@id":"https:\/\/www.acienpol.org.ve\/staging\/individuos-de-numero\/#organizationLogo","width":432,"height":432,"caption":"Academia de Ciencias Pol\u00edticas y Sociales"},"image":{"@id":"https:\/\/www.acienpol.org.ve\/staging\/individuos-de-numero\/#organizationLogo"},"sameAs":["http:\/\/www.twitter.com\/acienpol","https:\/\/www.instagram.com\/acienpol\/"]},{"@type":"WebPage","@id":"https:\/\/www.acienpol.org.ve\/staging\/individuos-de-numero\/#webpage","url":"https:\/\/www.acienpol.org.ve\/staging\/individuos-de-numero\/","name":"Individuos de N\u00famero | ACIENPOL","description":"Individuos de N\u00famero de la Academia de Ciencias Pol\u00edticas y Sociales","inLanguage":"es-ES","isPartOf":{"@id":"https:\/\/www.acienpol.org.ve\/staging\/#website"},"breadcrumb":{"@id":"https:\/\/www.acienpol.org.ve\/staging\/individuos-de-numero\/#breadcrumblist"},"datePublished":"2019-09-07T20:21:31-04:00","dateModified":"2019-10-09T20:19:20-04:00"},{"@type":"WebSite","@id":"https:\/\/www.acienpol.org.ve\/staging\/#website","url":"https:\/\/www.acienpol.org.ve\/staging\/","name":"ACIENPOL","inLanguage":"es-ES","publisher":{"@id":"https:\/\/www.acienpol.org.ve\/staging\/#organization"}}]}},"aioseo_meta_data":{"post_id":"1065","title":null,"description":"Individuos de N\u00famero de la Academia de Ciencias Pol\u00edticas y Sociales","keywords":null,"keyphrases":null,"primary_term":null,"canonical_url":null,"og_title":null,"og_description":null,"og_object_type":"default","og_image_type":"default","og_image_url":null,"og_image_width":null,"og_image_height":null,"og_image_custom_url":null,"og_image_custom_fields":null,"og_video":null,"og_custom_url":null,"og_article_section":null,"og_article_tags":null,"twitter_use_og":false,"twitter_card":"default","twitter_image_type":"default","twitter_image_url":null,"twitter_image_custom_url":null,"twitter_image_custom_fields":null,"twitter_title":null,"twitter_description":null,"schema":{"blockGraphs":[],"customGraphs":[],"default":{"data":{"Article":[],"Course":[],"Dataset":[],"FAQPage":[],"Movie":[],"Person":[],"Product":[],"ProductReview":[],"Car":[],"Recipe":[],"Service":[],"SoftwareApplication":[],"WebPage":[]},"graphName":"WebPage","isEnabled":true},"graphs":[]},"schema_type":null,"schema_type_options":null,"pillar_content":false,"robots_default":true,"robots_noindex":false,"robots_noarchive":false,"robots_nosnippet":false,"robots_nofollow":false,"robots_noimageindex":false,"robots_noodp":false,"robots_notranslate":false,"robots_max_snippet":null,"robots_max_videopreview":null,"robots_max_imagepreview":"large","priority":null,"frequency":null,"location":null,"local_seo":null,"breadcrumb_settings":null,"limit_modified_date":false,"ai":null,"created":"2020-12-20 21:46:02","updated":"2023-02-05 11:58:34","seo_analyzer_scan_date":null,"focus_keyword":null,"additional_keywords":null,"truseo_locale":null},"_links":{"self":[{"href":"https:\/\/www.acienpol.org.ve\/staging\/wp-json\/wp\/v2\/pages\/1065","targetHints":{"allow":["GET"]}}],"collection":[{"href":"https:\/\/www.acienpol.org.ve\/staging\/wp-json\/wp\/v2\/pages"}],"about":[{"href":"https:\/\/www.acienpol.org.ve\/staging\/wp-json\/wp\/v2\/types\/page"}],"author":[{"embeddable":true,"href":"https:\/\/www.acienpol.org.ve\/staging\/wp-json\/wp\/v2\/users\/4"}],"replies":[{"embeddable":true,"href":"https:\/\/www.acienpol.org.ve\/staging\/wp-json\/wp\/v2\/comments?post=1065"}],"version-history":[{"count":1,"href":"https:\/\/www.acienpol.org.ve\/staging\/wp-json\/wp\/v2\/pages\/1065\/revisions"}],"predecessor-version":[{"id":5503,"href":"https:\/\/www.acienpol.org.ve\/staging\/wp-json\/wp\/v2\/pages\/1065\/revisions\/5503"}],"wp:attachment":[{"href":"https:\/\/www.acienpol.org.ve\/staging\/wp-json\/wp\/v2\/media?parent=1065"}],"curies":[{"name":"wp","href":"https:\/\/api.w.org\/{rel}","templated":true}]}}

Individuos de Número

<!-- All in One SEO 5.0.1.1 - aioseo.com -->
	<meta name="description" content="Individuos de Número de la Academia de Ciencias Políticas y Sociales" />
	<meta name="robots" content="noindex, nofollow, max-image-preview:large" />
	<meta name="google-site-verification" content="google1011676bfba69965" />
	<meta name="msvalidate.01" content="1ACB7EE53EE96A5F6D91C1E074121657" />
	<link rel="canonical" href="https://www.acienpol.org.ve/staging/individuos-de-numero/" />
	<meta name="generator" content="All in One SEO (AIOSEO) 5.0.1.1" />
		<script type="application/ld+json" class="aioseo-schema">
			{"@context":"https:\/\/schema.org","@graph":[{"@type":"BreadcrumbList","@id":"https:\/\/www.acienpol.org.ve\/staging\/individuos-de-numero\/#breadcrumblist","itemListElement":[{"@type":"ListItem","@id":"https:\/\/www.acienpol.org.ve\/staging#listItem","position":1,"name":"Home","item":"https:\/\/www.acienpol.org.ve\/staging","nextItem":{"@type":"ListItem","@id":"https:\/\/www.acienpol.org.ve\/staging\/individuos-de-numero\/#listItem","name":"Individuos de N\u00famero"}},{"@type":"ListItem","@id":"https:\/\/www.acienpol.org.ve\/staging\/individuos-de-numero\/#listItem","position":2,"name":"Individuos de N\u00famero","previousItem":{"@type":"ListItem","@id":"https:\/\/www.acienpol.org.ve\/staging#listItem","name":"Home"}}]},{"@type":"Organization","@id":"https:\/\/www.acienpol.org.ve\/staging\/#organization","name":"Academia de Ciencias Pol\u00edticas y Sociales","url":"https:\/\/www.acienpol.org.ve\/staging\/","logo":{"@type":"ImageObject","url":"https:\/\/www.acienpol.org.ve\/staging\/wp-content\/uploads\/2019\/09\/acienpol-default-image.png","@id":"https:\/\/www.acienpol.org.ve\/staging\/individuos-de-numero\/#organizationLogo","width":432,"height":432,"caption":"Academia de Ciencias Pol\u00edticas y Sociales"},"image":{"@id":"https:\/\/www.acienpol.org.ve\/staging\/individuos-de-numero\/#organizationLogo"},"sameAs":["http:\/\/www.twitter.com\/acienpol","https:\/\/www.instagram.com\/acienpol\/"]},{"@type":"WebPage","@id":"https:\/\/www.acienpol.org.ve\/staging\/individuos-de-numero\/#webpage","url":"https:\/\/www.acienpol.org.ve\/staging\/individuos-de-numero\/","name":"Individuos de N\u00famero | ACIENPOL","description":"Individuos de N\u00famero de la Academia de Ciencias Pol\u00edticas y Sociales","inLanguage":"es-ES","isPartOf":{"@id":"https:\/\/www.acienpol.org.ve\/staging\/#website"},"breadcrumb":{"@id":"https:\/\/www.acienpol.org.ve\/staging\/individuos-de-numero\/#breadcrumblist"},"datePublished":"2019-09-07T20:21:31-04:00","dateModified":"2019-10-09T20:19:20-04:00"},{"@type":"WebSite","@id":"https:\/\/www.acienpol.org.ve\/staging\/#website","url":"https:\/\/www.acienpol.org.ve\/staging\/","name":"ACIENPOL","inLanguage":"es-ES","publisher":{"@id":"https:\/\/www.acienpol.org.ve\/staging\/#organization"}}]}
		</script>
		<!-- All in One SEO -->

Individuos de Número | ACIENPOL

Individuos de Número de la Academia de Ciencias Políticas y Sociales

Academia de Ciencias Políticas y Sociales
